d)/((-2)/27). What are the prime factors of ((-2)/(-6))/((-3)/f)?
17
Suppose 2*g + 7 = 133. Let m = -37 + g. List the prime factors of m.
2, 13
Let f = 167 - 67. What are the prime factors of f?
2, 5
Let n(x) = x + 3*x + 23 - 3*x. What are the prime factors of n(-10)?
13
Suppose -5*m + 4*m - 1 = 0. Let h(y) be the second derivative of -2*y**3 - y**2/2 + y. List the prime factors of h(m).
11
Let g = -13 + 18. Let i = g + 16. List the prime factors of i.
3, 7
What are the prime factors of 17 + 6*2/(-4)?
2, 7
Suppose -5*q = -o - 7, -q = 5*o - 3*q + 12. Let s = -2 + 6. Let d = o + s. List the prime factors of d.
2
Let m(h) = h**3 + 6*h**2 + 5*h + 6. Let t be m(-5). Suppose -f + 1 + t = 0. List the prime factors of f.
7
What are the prime factors of 561/(-12)*(0 - (-8)/(-2))?
11, 17
Let u(a) = a**2 + 3*a + 4. Let q be u(-4). Suppose y + 2*c = c + 10, 0 = -2*c - q. What are the prime factors of y?
2, 7
Let s(t) = t + 1. Suppose 0 = 5*o - 2*j - 1, 12 = -3*o + j - 4*j. Let i be s(o). Suppose 2*v + 6 = 4*x - i, 0 = 3*x - 3*v + 3. What are the prime factors of x?
2
Let a(o) = 6*o**2 - 2*o. Let f be 4/26 - 123/39. List the prime factors of a(f).
2, 3, 5
Let j = 140 - 73. What are the prime factors of j?
67
Let d(c) = 5 + 3 - 3 + 0 + 2*c. What are the prime factors of d(7)?
19
Let o(z) = z + 7. Let a(m) = -1. Let c(l) = l. Let h(r) = a(r) + c(r). Let v be h(6). What are the prime factors of o(v)?
2, 3
Let l = 1 + -9. List the prime factors of l*(3 - (-39)/(-12)).
2
Let g = 5 + -14. Let k = g - -5. Let i = k - -11. List the prime factors of i.
7
Suppose -2*l + 72 = -14. List the prime factors of l.
43
Let t(m) = 9*m + 9. Let i(y) = y + 1. Let z(j) = -42*i(j) + 4*t(j). List the prime factors of z(-4).
2, 3
Let z = -92 - -169. What are the prime factors of z?
7, 11
Let i = 13 + -10. Suppose 5*s + 3 = -i*j, 5*j - 5*s + 33 = 2*j. Let t(b) = b**2 + 5*b + 7. What are the prime factors of t(j)?
13
Let g(h) = -h**3 + 8*h**2 - 8*h + 8. Let d be g(7). Let q be -3*((-57)/(-9) - d). Let w = q - -26. What are the prime factors of w?
2, 5
Let b = 25 + 117. List the prime factors of b.
2, 71
Suppose 0*j + 7 = j. What are the prime factors of j?
7
What are the prime factors of 18/(-81) + 652/18?
2, 3
Let j(l) = -2*l - 2. Let t = -22 - -12. Let c = -17 - t. What are the prime factors of j(c)?
2, 3
Suppose 5 = 3*t - 1. Suppose 2 = t*g - 0*g. What are the prime factors of (g - 1) + (0 - -6)?
2, 3
Suppose -5 = 2*w - 1. Suppose -c + 7 = -a, c - 4*c + 23 = -a. What are the prime factors of c*(w - (-5)/2)?
2
Suppose 0 = -5*d - 10 - 15, -2*b - d + 143 = 0. What are the prime factors of b?
2, 37
Suppose 3*q = n - 4*n, 0 = -n - 4*q - 9. Suppose -n*g + 78 = -g. What are the prime factors of g?
3, 13
What are the prime factors of ((-69)/(-5))/3*5?
23
Let o = -454 - -650. List the prime factors of o.
2, 7
Let w be -7 + 2 + -2 + 3. Let l = w - -25. What are the prime factors of l?
3, 7
Let w(i) = i**2 + 3*i - 10. Let c be w(-8). Suppose 2*h + 0*d = 2*d + 20, c = h - 5*d. Suppose 7 + 23 = h*f. List the prime factors of f.
2, 3
Suppose -2*j = 4*b - 30, -5*b = -2*j - b + 22. What are the prime factors of j?
13
Let p = 13 + -8. Suppose 60 = 2*j + 5*t - p, -2*j = 2*t - 80. List the prime factors of j.
3, 5
Suppose -r = -f - 40 + 14, r - 22 = 2*f. List the prime factors of r.
2, 3, 5
Let f = 4 - -41. List the prime factors of f.
3, 5
Let c(h) = -2*h**2 - 1. Let p be (-2)/(-5) - (-24)/15. Let f be c(p). List the prime factors of -14*(f/6 - -1).
7
List the prime factors of 400/(-30)*6/(-4).
2, 5
Suppose 10 = -0*z + 2*z - 5*r, -4*z - 2*r = -68. Let c = 29 - z. List the prime factors of c.
2, 7
Let o(c) = c**2 + 3*c - 5. Let h be o(-9). Suppose 5*n - 16 = h. List the prime factors of n.
13
Let t(g) = 2*g**2 - 3*g - 3. List the prime factors of t(-2).
11
Let r = -1 + 4. Suppose -2*v = -4*s + 346, s - r*v - 56 = 43. Suppose -2*a = -6*a + s. What are the prime factors of a?
3, 7
Let i(q) be the third derivative of q**6/120 + q**5/60 + 4*q**3 - q**2. List the prime factors of i(0).
2, 3
Let l(f) = -f**2 - 9*f - 7. Let h be l(-7). Suppose h - 25 = -3*w. List the prime factors of (-76)/(-6) + w/(-9).
2, 3
Let p be 48/9 + (-4)/(-6). List the prime factors of -1 + 2/(p/27).
2
Suppose 5*d - 2*d - 3*w - 33 = 0, 5*d - 47 = -3*w. Let u be d/6*(2 - -1). Let n(r) = 3*r - 3. List the prime factors of n(u).
2, 3
Suppose -q = -3*c + 355, 2*q + 339 = 3*c + 5*q. List the prime factors of c.
3, 13
Let o be 2*1/2 - 55. List the prime factors of o/(-15)*(-20)/(-6).
2, 3
Let m = 1 - 1. Let h = m + -2. What are the prime factors of 5*-1*h/2?
5
Let l(b) = -b**3 - 9*b**2 - 12*b + 5. List the prime factors of l(-9).
113
Suppose m + 0*k + 5*k - 16 = 0, 0 = -m - 3*k + 18. Suppose -56 = 5*g + 3*r, 21 = -4*g - r - m. List the prime factors of 8/g*10/(-4).
2
Let l(t) = -28*t - 57. List the prime factors of l(-11).
251
Let o(h) = 6*h - 6. Let b be o(5). Suppose -5*y - 12 = -j, -b = -3*y + 8*y + 3*j. Let t = y - -5. List the prime factors of t.
2
Let l(f) = -3*f + 13. Let p(t) = -t + 6. Let c(a) = 6*l(a) - 14*p(a). What are the prime factors of c(-6)?
2, 3
List the prime factors of 15/(-10)*(-232)/12.
29
Let f(b) = -3*b. Let o be f(-1). Let n be o/(-6) - 7/(-2). Suppose s = 5*i - 22, n*i = 2*s + 4*i - 11. List the prime factors of s.
3
Let l = 11 - 17. Let v = l - -19. List the prime factors of v.
13
Let p = 8 - 0. Let x = -6 + p. What are the prime factors of x?
2
Suppose 0 = 5*h + 15 - 95. What are the prime factors of h?
2
What are the prime factors of (-7)/((-28)/16) - -63?
67
Suppose -j - 2*x + 8 = 0, 3*j = -2*x + x + 19. What are the prime factors of j?
2, 3
Let i(h) = h**2 - 4*h + 5. Let j(r) = r**3 - 7*r**2 + 7*r - 1. Let v be (-26)/(-4) + 5/(-10). Let o be j(v). What are the prime factors of i(o)?
2, 5
Let k = 11 - 4. Let c(q) = -q**2 + 6*q + 5. Let l be c(k). What are the prime factors of l/(-6) - (-116)/12?
2, 5
Suppose -5*z = 5*c - 2*z - 17, -3*c - z = -11. Suppose c*s + s = -115. Let r = -14 - s. List the prime factors of r.
3
List the prime factors of (-48)/9*(-7 - -4).
2
Let q = -10 + 15. Let v = q + -2. What are the prime factors of v?
3
Suppose 5*d - 3 - 11 = -2*a, 2*a - 4*d - 14 = 0. Let u = 7 + a. Suppose -2*c + u + 4 = 0. List the prime factors of c.
3
Suppose 3*v - r = 23, 3*v = -0*v + 5*r + 31. Suppose 13 = 5*p - v. List the prime factors of p.
2
Let a = -46 - -143. List the prime factors of a.
97
Let g = 21 + -37. Let c = g + 35. What are the prime factors of c?
19
Suppose -2*y = -3*y + 10. Let j(i) = -8*i**2 - 9 - y + 7 - 3*i - i**3. What are the prime factors of j(-8)?
2, 3
Let y(g) = g + 2. Let x be y(3). Suppose -k = 5*q - 5*k - 74, -x*k - 5 = 0. What are the prime factors of q?
2, 7
Suppose -4*r - 335 = -3*r. List the prime factors of r/(-25) - 6/15.
13
What are the prime factors of 113 + (-2 - -1) + 3?
5, 23
Let b = -1 - -4. Suppose 3*t - 21 = -2*l, 6*t = 3*t - b*l + 24. What are the prime factors of t?
5
What are the prime factors of 12 + 3 + (-1 - -2)?
2
Suppose -2*l - 2 = -0*l. Let b be 0/l + 16 - 2. Suppose 5*m = 4*i - b, -4*m = -4*i - 0*m + 16. List the prime factors of i.
2, 3
Suppose 3*n = -2*s - 51 + 120, 5*s - 192 = -n. List the prime factors of s.
3, 13
Let u(f) = f**3 + 12*f**2 - 18*f - 16. List the prime factors of u(-12).
2, 5
Suppose 5*w - i = 77, -w - 5 = 3*i - 30. List the prime factors of w.
2
Suppose 2*i + 2*a = 88, 0*a + a = 5*i - 196. Suppose 0 = 5*f - 15, 4*x = 3*x - 5*f + i. Suppose 27 = 4*q - x. List the prime factors of q.
13
Let j be (3 + -7)*18/(-8). Suppose 2*t = -t - j. Let h = 2 - t. What are the prime factors of h?
5
List the prime factors of 67 + 2 - (1 - -2).
2, 3, 11
Let r(a) be the first derivative of a**2 - 6*a - 9. What are the prime factors of r(4)?
2
Let s(m) = -m**3 - 6*m**2 + 13*m + 20. What are the prime factors of s(-8)?
2, 11
Suppose 0 = -3*g - 61 + 181. List the prime factors of g.
2, 5
Let n = -61 - -177. Suppose -2*b + n = 2*b. Let x = -18 + b. List the prime factors of x.
11
Let g(n) = -1. Let y(q) = -2*q - 2. Let o(c) = g(c) + y(c). Suppose 5*r + 0*r = -5*p - 40, 2*p = 2*r - 4. List the prime factors of o(r).
3
Let w = -7 - -50. Let b = -26 + w. What are the prime factors of b?
17
Suppose 4*f + 4 - 8 = 0. List the prime factors of f/(3/9) - -33.
2,